{"id":2057,"date":"2016-05-04T00:22:43","date_gmt":"2016-05-03T22:22:43","guid":{"rendered":"http:\/\/www.radl-kini.de\/wordpress\/?page_id=2057"},"modified":"2016-08-23T23:35:44","modified_gmt":"2016-08-23T21:35:44","slug":"giro-ditalia-2016","status":"publish","type":"page","link":"https:\/\/www.radl-kini.de\/wordpress\/?page_id=2057","title":{"rendered":"Giro d&#8217;Italia 2016"},"content":{"rendered":"<p style=\"text-align: justify;\">Gigantisch!<br \/>\nMan kann den Designern der Strecken des Giro d&#8217;Italia immer mal wieder alles M\u00f6gliche vorwerfen: Die Strecken sind zu schwer, zu gef\u00e4hrlich, zu selektiv, zu wer wei\u00df was &#8230;<br \/>\nUnd auch diesen Zeitfahrkurs, der auf der 9. Etappe des Giro 2016 durch das Chianti-Gebiet ansteht, k\u00f6nnte man durchaus als &#8222;brutal&#8220; bezeichnen. Allerdings h\u00f6chstens als brutal sch\u00f6n. Der Kurs windet sich herrlich durch eine der bekanntesten Weinbau-Regionen Italiens. Fahrerisch ist das Ganz nat\u00fcrlich in jedem Fall sehr anspruchsvoll, auch auf dem Ergometer. Wer sich diesen Kurs als Zeitfahren in KWT vornimmt, sollte unbedingt auf den Vollbildmodus schalten. Erstens ist die Aufl\u00f6sung der Luftbilder f\u00fcr diese Region wirklich sehr gut. Und zweitens erkennt man wirklich nur im Vollbildmodus, wie genial sich diese Strecke \u00fcber die H\u00fcgel und durch die T\u00e4ler des Chianti schl\u00e4ngelt. Das Tolle ist, dass man auf der Karte den Streckenverlauf zumeist weit voraus erkennen kann.<br \/>\nNat\u00fcrlich ist der Kurs mit seinen 40,5 km recht lang. Zudem weist das Profil einige sehr fiese Steigungsstiche auf. Anspruchsvoll ist vor allem der letzte, lange Anstieg vor dem Ziel. Dieser steht n\u00e4mlich erst ab km 30 auf dem Programm. Da hei\u00dft es gut haushalten mit den Kr\u00e4ften. Aber immerhin g\u00f6nnen die Organisatoren des Giro den Fahrern einen Netto H\u00f6henverlust von statten ca. 300 Metern.<br \/>\nAlso ehrlich gesagt m\u00f6chte man am liebsten hinfahren und das Spektakel an dieser Strecke live mit einem guten Glas Rotwein anschauen. Nat\u00fcrlich mit Chianti!<\/p>\n<p>&nbsp;<\/p>\n<p style=\"text-align: justify;\"><span style=\"color: #008000;\"><strong>Fakten der Zeitfahretappe im Rahmen des Giro d&#8217;Italia 2016:<\/strong><\/span><\/p>\n<ul>\n<li>Etappe Nr.: 9<\/li>\n<li>Termin: Sonntag, 15. Mai 2016<\/li>\n<li>Modus: Einzelzeitfahren<\/li>\n<li>Streckenl\u00e4nge: 40,5 km<\/li>\n<li>Start: Radda in Chianti, 527 m. \u00fc. M.<\/li>\n<li>Ziel: Greve in Chianti, 236\u00a0 m. \u00fc. M.<\/li>\n<li>Steigung (offizielle Strecke \/ KWT-Strecke):\u00a0 &#8211; \/ 568 m<\/li>\n<li>Gef\u00e4lle (offizielle Strecke \/ KWT-Strecke): &#8211;\u00a0 \/ 859 m<\/li>\n<\/ul>\n<p>&nbsp;<\/p>\n<p><span style=\"color: #ff0000;\"><strong>Fakten &amp; Einstellungen der Zeitfahretappe im Rahmen des permanenten Zeitfahren f\u00fcr Kettler World Tour (KWT):<\/strong><\/span><\/p>\n<ul>\n<li>Stand: 27.04.2016<\/li>\n<li><span style=\"color: #ff0000;\">Kursname in KWT:<\/span><br \/>\n<span style=\"color: #ff0000;\">2016 Giro d&#8217;Italia Zeitfahren Etappe 09: Radda in Chianti-Greve in Chianti (v01)<\/span><\/li>\n<li>Fahrbare Modi: Einzelzeitfahren &amp; Mannschaftszeitfahren<br \/>\n(Zus\u00e4tzliche Informationen: siehe <a href=\"http:\/\/www.radl-kini.de\/wordpress\/?page_id=2040\">Regeln<\/a>)<\/li>\n<li>Einzustellender KWT Realit\u00e4tsfaktor (RF): <span style=\"color: #ff0000;\">50 %<\/span><\/li>\n<li>Einzustellende KWT Gangschaltung: <span style=\"color: #ff0000;\">Rennrad<\/span><\/li>\n<\/ul>\n<p>&nbsp;<\/p>\n<p><span style=\"color: #008000;\"><strong>GRS-Track und Profil:<\/strong><\/span><br \/>\nDownload \u00fcber Rechtsklick auf den Link und &#8222;Speichern unter&#8230;&#8220; (wird leider nicht von allen Browsern unterst\u00fctzt)<\/p>\n[sgpx gpx=&#8220;\/wp-content\/uploads\/gpx\/2016_gdi_tt_stage09_chianti_v1.gpx&#8220;]\n<p>&nbsp;<\/p>\n<p><strong><span style=\"color: #339966;\"><span style=\"color: #008000;\">Vergr\u00f6\u00dfertes H\u00f6henprofil und Steigungsprofil:<\/span><br \/>\n<\/span><\/strong><\/p>\n<p><a href=\"http:\/\/www.radl-kini.de\/wordpress\/wp-content\/uploads\/2016\/05\/2016-Giro-Italia.png\"><img loading=\"lazy\" decoding=\"async\" class=\"alignnone size-full wp-image-2161\" src=\"http:\/\/www.radl-kini.de\/wordpress\/wp-content\/uploads\/2016\/05\/2016-Giro-Italia.png\" alt=\"2016 Giro Italia\" width=\"1562\" height=\"893\" srcset=\"https:\/\/www.radl-kini.de\/wordpress\/wp-content\/uploads\/2016\/05\/2016-Giro-Italia.png 1562w, https:\/\/www.radl-kini.de\/wordpress\/wp-content\/uploads\/2016\/05\/2016-Giro-Italia-300x172.png 300w, https:\/\/www.radl-kini.de\/wordpress\/wp-content\/uploads\/2016\/05\/2016-Giro-Italia-768x439.png 768w, https:\/\/www.radl-kini.de\/wordpress\/wp-content\/uploads\/2016\/05\/2016-Giro-Italia-1024x585.png 1024w\" sizes=\"auto, (max-width: 1562px) 100vw, 1562px\" \/><\/a><\/p>\n<p>&nbsp;<\/p>\n<p><span style=\"color: #008000;\"><strong>Resultate permanentes Zeitfahren f\u00fcr Kettler World Tour (KWT):<\/strong><\/span><\/p>\n<p><span style=\"text-decoration: underline;\"><span style=\"color: #008000; text-decoration: underline;\"><em>Rangliste Einzelzeitfahren (RF 50%)<br \/>\n<\/em><\/span><\/span><span style=\"color: #008000;\"><em>Sta<\/em><\/span><span style=\"color: #008000;\"><em>nd: <\/em><em>16.05.20<\/em><em>1<\/em><em>6<\/em><span style=\"text-decoration: underline;\"><em><br \/>\n<\/em><\/span><\/span><\/p>\n<p>&nbsp;<\/p>\n\n<table id=\"tablepress-2\" class=\"tablepress tablepress-id-2\">\n<thead>\n<tr class=\"row-1 odd\">\n\t<th class=\"column-1\">#<\/th><th class=\"column-2\">Name<\/th><th class=\"column-3\">Zeit<\/th><th class=\"column-4\">Datum<\/th><th class=\"column-5\">km\/h<\/th><th class=\"column-6\">RPM<\/th><th class=\"column-7\">W<\/th>\n<\/tr>\n<\/thead>\n<tbody class=\"row-hover\">\n<tr class=\"row-2 even\">\n\t<td class=\"column-1\">1<\/td><td class=\"column-2\">Radl-Kini<\/td><td class=\"column-3\">00:56:04<\/td><td class=\"column-4\">14.06.2016<\/td><td class=\"column-5\">43,3<\/td><td class=\"column-6\">91<\/td><td class=\"column-7\">256<\/td>\n<\/tr>\n<tr class=\"row-3 odd\">\n\t<td class=\"column-1\">2<\/td><td class=\"column-2\">Falcon<\/td><td class=\"column-3\">00:57:08<\/td><td class=\"column-4\">30.05.2016<\/td><td class=\"column-5\">42,5<\/td><td class=\"column-6\">90<\/td><td class=\"column-7\">248<\/td>\n<\/tr>\n<tr class=\"row-4 even\">\n\t<td class=\"column-1\">3<\/td><td class=\"column-2\">Capablanca<\/td><td class=\"column-3\">00:57:50<\/td><td class=\"column-4\">11.06.2016<\/td><td class=\"column-5\">42,0<\/td><td class=\"column-6\">84<\/td><td class=\"column-7\">238<\/td>\n<\/tr>\n<tr class=\"row-5 odd\">\n\t<td class=\"column-1\">4<\/td><td class=\"column-2\">Grotsch<\/td><td class=\"column-3\">00:58:26<\/td><td class=\"column-4\">21.06.2016<\/td><td class=\"column-5\">41,7<\/td><td class=\"column-6\">87<\/td><td class=\"column-7\">232<\/td>\n<\/tr>\n<tr class=\"row-6 even\">\n\t<td class=\"column-1\">5<\/td><td class=\"column-2\">biciman<\/td><td class=\"column-3\">01:00:30<\/td><td class=\"column-4\">16.05.2016<\/td><td class=\"column-5\">40,2<\/td><td class=\"column-6\">-<\/td><td class=\"column-7\">213<\/td>\n<\/tr>\n<\/tbody>\n<\/table>\n<!-- #tablepress-2 from cache -->\n<p>&nbsp;<\/p>\n<p><span style=\"text-decoration: underline;\"><em><span style=\"color: #008000; text-decoration: underline;\">Rangliste Mannschaftszeitfahren (RF 50%)<br \/>\n<\/span><\/em><\/span><em><span style=\"color: #008000;\"><span style=\"color: #008000;\">Sta<\/span><\/span><\/em><em><span style=\"color: #008000;\"><span style=\"color: #008000;\"><em>nd: 16.05.2016<\/em><\/span><\/span><\/em><span style=\"text-decoration: underline;\"><em><span style=\"color: #008000; text-decoration: underline;\"><span style=\"text-decoration: underline;\"><span style=\"color: #008000;\"><em><br \/>\n<\/em><\/span><\/span><br \/>\n<\/span><\/em><\/span><\/p>\n\n<table id=\"tablepress-22\" class=\"tablepress tablepress-id-22\">\n<thead>\n<tr class=\"row-1 odd\">\n\t<th class=\"column-1\">#<\/th><th class=\"column-2\">Name<\/th><th class=\"column-3\">Zeit<\/th><th class=\"column-4\">Datum<\/th><th class=\"column-5\">km\/h<\/th><th class=\"column-6\">RPM<\/th><th class=\"column-7\">W<\/th>\n<\/tr>\n<\/thead>\n<tbody class=\"row-hover\">\n<tr class=\"row-2 even\">\n\t<td class=\"column-1\">1<\/td><td class=\"column-2\">Grotsch<\/td><td class=\"column-3\">00:59:03<\/td><td class=\"column-4\">16.05.2016<\/td><td class=\"column-5\">41,2<\/td><td class=\"column-6\">94<\/td><td class=\"column-7\">201<\/td>\n<\/tr>\n<tr class=\"row-3 odd\">\n\t<td class=\"column-1\">2<\/td><td class=\"column-2\">MichaelB<\/td><td class=\"column-3\">00:59:07<\/td><td class=\"column-4\">16.05.2016<\/td><td class=\"column-5\">41,1<\/td><td class=\"column-6\">93<\/td><td class=\"column-7\">227<\/td>\n<\/tr>\n<\/tbody>\n<\/table>\n<!-- #tablepress-22 from cache -->\n<p>&nbsp;<\/p>\n<p><span style=\"color: #008000;\"><strong>Resultate (Top20) des Einzelzeitfahrens des Giro d&#8217;Italia 2016 zum Vergleich:<\/strong><\/span><\/p>\n<p>Donnerstag, 15. Mai 2016<\/p>\n\n<table id=\"tablepress-102\" class=\"tablepress tablepress-id-102\">\n<thead>\n<tr class=\"row-1 odd\">\n\t<th class=\"column-1\">Platz<\/th><th class=\"column-2\">Name<\/th><th class=\"column-3\">Team<\/th><th class=\"column-4\">Zeit<\/th>\n<\/tr>\n<\/thead>\n<tbody class=\"row-hover\">\n<tr class=\"row-2 even\">\n\t<td class=\"column-1\">1<\/td><td class=\"column-2\">ROGLIC Primoz (SLO)<\/td><td class=\"column-3\">TEAM LOTTO NL - JUMBO<\/td><td class=\"column-4\">00:51:45<\/td>\n<\/tr>\n<tr class=\"row-3 odd\">\n\t<td class=\"column-1\">2<\/td><td class=\"column-2\">BRANDLE Matthias (AUT)<\/td><td class=\"column-3\">IAM CYCLING<\/td><td class=\"column-4\">00:51:55<\/td>\n<\/tr>\n<tr class=\"row-4 even\">\n\t<td class=\"column-1\">3<\/td><td class=\"column-2\">LAENGEN Vegard Stake (NOR)<\/td><td class=\"column-3\">IAM CYCLING<\/td><td class=\"column-4\">00:52:02<\/td>\n<\/tr>\n<tr class=\"row-5 odd\">\n\t<td class=\"column-1\">4<\/td><td class=\"column-2\">CANCELLARA Fabian (SUI)<\/td><td class=\"column-3\">TREK - SEGAFREDO<\/td><td class=\"column-4\">00:52:13<\/td>\n<\/tr>\n<tr class=\"row-6 even\">\n\t<td class=\"column-1\">5<\/td><td class=\"column-2\">VOROBYEV Anton (RUS)<\/td><td class=\"column-3\">TEAM KATUSHA<\/td><td class=\"column-4\">00:52:15<\/td>\n<\/tr>\n<tr class=\"row-7 odd\">\n\t<td class=\"column-1\">6<\/td><td class=\"column-2\">JUNGELS Bob (LUX)<\/td><td class=\"column-3\">ETIXX - QUICK-STEP<\/td><td class=\"column-4\">00:52:30<\/td>\n<\/tr>\n<tr class=\"row-8 even\">\n\t<td class=\"column-1\">7<\/td><td class=\"column-2\">KUNG Stefan (SUI)<\/td><td class=\"column-3\">BMC RACING TEAM<\/td><td class=\"column-4\">00:52:43<\/td>\n<\/tr>\n<tr class=\"row-9 odd\">\n\t<td class=\"column-1\">8<\/td><td class=\"column-2\">VAN EMDEN Jos (NED)<\/td><td class=\"column-3\">TEAM LOTTO NL - JUMBO<\/td><td class=\"column-4\">00:52:53<\/td>\n<\/tr>\n<tr class=\"row-10 even\">\n\t<td class=\"column-1\">9<\/td><td class=\"column-2\">TJALLINGII Maarten (NED)<\/td><td class=\"column-3\">TEAM LOTTO NL - JUMBO<\/td><td class=\"column-4\">00:53:01<\/td>\n<\/tr>\n<tr class=\"row-11 odd\">\n\t<td class=\"column-1\">10<\/td><td class=\"column-2\">AMADOR Andrey (CRC)<\/td><td class=\"column-3\">MOVISTAR TEAM<\/td><td class=\"column-4\">00:53:04<\/td>\n<\/tr>\n<tr class=\"row-12 even\">\n\t<td class=\"column-1\">11<\/td><td class=\"column-2\">BOARO Manuele (ITA)<\/td><td class=\"column-3\">TINKOFF<\/td><td class=\"column-4\">00:53:16<\/td>\n<\/tr>\n<tr class=\"row-13 odd\">\n\t<td class=\"column-1\">12<\/td><td class=\"column-2\">GRETSCH Patrick (GER)<\/td><td class=\"column-3\">AG2R LA MONDIALE<\/td><td class=\"column-4\">00:53:23<\/td>\n<\/tr>\n<tr class=\"row-14 even\">\n\t<td class=\"column-1\">13<\/td><td class=\"column-2\">SERRY Pieter (BEL)<\/td><td class=\"column-3\">ETIXX - QUICK-STEP<\/td><td class=\"column-4\">00:53:32<\/td>\n<\/tr>\n<tr class=\"row-15 odd\">\n\t<td class=\"column-1\">14<\/td><td class=\"column-2\">SUTTERLIN Jasha (GER)<\/td><td class=\"column-3\">MOVISTAR TEAM<\/td><td class=\"column-4\">00:53:41<\/td>\n<\/tr>\n<tr class=\"row-16 even\">\n\t<td class=\"column-1\">15<\/td><td class=\"column-2\">DUMOULIN Tom (NED)<\/td><td class=\"column-3\">TEAM GIANT - ALPECIN<\/td><td class=\"column-4\">00:53:43<\/td>\n<\/tr>\n<tr class=\"row-17 odd\">\n\t<td class=\"column-1\">16<\/td><td class=\"column-2\">KEIZER Martijn (NED)<\/td><td class=\"column-3\">TEAM LOTTO NL - JUMBO<\/td><td class=\"column-4\">00:53:48<\/td>\n<\/tr>\n<tr class=\"row-18 even\">\n\t<td class=\"column-1\">17<\/td><td class=\"column-2\">BRAMBILLA Gianluca (ITA)<\/td><td class=\"column-3\">ETIXX - QUICK-STEP<\/td><td class=\"column-4\">00:53:50<\/td>\n<\/tr>\n<tr class=\"row-19 odd\">\n\t<td class=\"column-1\">18<\/td><td class=\"column-2\">HAGA Chad (USA)<\/td><td class=\"column-3\">TEAM GIANT - ALPECIN<\/td><td class=\"column-4\">00:53:57<\/td>\n<\/tr>\n<tr class=\"row-20 even\">\n\t<td class=\"column-1\">19<\/td><td class=\"column-2\">NIBALI Vincenzo (ITA)<\/td><td class=\"column-3\">ASTANA PRO TEAM<\/td><td class=\"column-4\">00:53:58<\/td>\n<\/tr>\n<tr class=\"row-21 odd\">\n\t<td class=\"column-1\">20<\/td><td class=\"column-2\">LANDA Mikel (ESP)<\/td><td class=\"column-3\">TEAM SKY<\/td><td class=\"column-4\">00:54:05<\/td>\n<\/tr>\n<\/tbody>\n<\/table>\n<!-- #tablepress-102 from cache -->\n<p style=\"text-align: justify;\"><span style=\"color: #ff0000;\">\u00a0<\/span><\/p>\n","protected":false},"excerpt":{"rendered":"<p>Gigantisch! Man kann den Designern der Strecken des Giro d&#8217;Italia immer mal wieder alles M\u00f6gliche vorwerfen: Die Strecken sind zu schwer, zu gef\u00e4hrlich, zu selektiv, zu wer wei\u00df was &#8230; Und auch diesen Zeitfahrkurs, der auf der 9. Etappe des Giro 2016 durch das Chianti-Gebiet ansteht, k\u00f6nnte man durchaus als &#8222;brutal&#8220; bezeichnen. Allerdings h\u00f6chstens als brutal sch\u00f6n. Der Kurs windet sich herrlich durch eine der bekanntesten Weinbau-Regionen Italiens. Fahrerisch ist das Ganz nat\u00fcrlich in jedem Fall sehr anspruchsvoll, auch auf dem Ergometer. Wer sich diesen Kurs als Zeitfahren in KWT vornimmt, sollte unbedingt auf den Vollbildmodus schalten. Erstens ist die Aufl\u00f6sung der Luftbilder f\u00fcr diese Region wirklich sehr gut. Und zweitens erkennt man wirklich nur im Vollbildmodus, wie genial sich diese Strecke \u00fcber die H\u00fcgel und durch die T\u00e4ler des Chianti schl\u00e4ngelt. Das Tolle ist, dass man auf der Karte den Streckenverlauf zumeist weit voraus erkennen kann. Nat\u00fcrlich ist der Kurs mit seinen 40,5 km recht lang. Zudem weist das Profil einige sehr fiese Steigungsstiche auf. Anspruchsvoll ist vor allem der letzte, lange Anstieg vor &hellip;<\/p>\n","protected":false},"author":1,"featured_media":2167,"parent":2042,"menu_order":0,"comment_status":"closed","ping_status":"closed","template":"","meta":{"ngg_post_thumbnail":0,"footnotes":""},"class_list":["post-2057","page","type-page","status-publish","has-post-thumbnail","hentry"],"jetpack_sharing_enabled":true,"jetpack_shortlink":"https:\/\/wp.me\/Pak1G4-xb","_links":{"self":[{"href":"https:\/\/www.radl-kini.de\/wordpress\/index.php?rest_route=\/wp\/v2\/pages\/2057","targetHints":{"allow":["GET"]}}],"collection":[{"href":"https:\/\/www.radl-kini.de\/wordpress\/index.php?rest_route=\/wp\/v2\/pages"}],"about":[{"href":"https:\/\/www.radl-kini.de\/wordpress\/index.php?rest_route=\/wp\/v2\/types\/page"}],"author":[{"embeddable":true,"href":"https:\/\/www.radl-kini.de\/wordpress\/index.php?rest_route=\/wp\/v2\/users\/1"}],"replies":[{"embeddable":true,"href":"https:\/\/www.radl-kini.de\/wordpress\/index.php?rest_route=%2Fwp%2Fv2%2Fcomments&post=2057"}],"version-history":[{"count":35,"href":"https:\/\/www.radl-kini.de\/wordpress\/index.php?rest_route=\/wp\/v2\/pages\/2057\/revisions"}],"predecessor-version":[{"id":2581,"href":"https:\/\/www.radl-kini.de\/wordpress\/index.php?rest_route=\/wp\/v2\/pages\/2057\/revisions\/2581"}],"up":[{"embeddable":true,"href":"https:\/\/www.radl-kini.de\/wordpress\/index.php?rest_route=\/wp\/v2\/pages\/2042"}],"wp:featuredmedia":[{"embeddable":true,"href":"https:\/\/www.radl-kini.de\/wordpress\/index.php?rest_route=\/wp\/v2\/media\/2167"}],"wp:attachment":[{"href":"https:\/\/www.radl-kini.de\/wordpress\/index.php?rest_route=%2Fwp%2Fv2%2Fmedia&parent=2057"}],"curies":[{"name":"wp","href":"https:\/\/api.w.org\/{rel}","templated":true}]}}