{"id":1820,"date":"2016-04-17T14:28:19","date_gmt":"2016-04-17T12:28:19","guid":{"rendered":"http:\/\/www.radl-kini.de\/wordpress\/?page_id=1820"},"modified":"2018-12-27T23:19:20","modified_gmt":"2018-12-27T21:19:20","slug":"retro","status":"publish","type":"page","link":"https:\/\/www.radl-kini.de\/wordpress\/?page_id=1820","title":{"rendered":"Friaras (Retro)"},"content":{"rendered":"<p><span style=\"color: #008000;\"><strong>Friaras war oiss besser&#8230;<\/strong><\/span><\/p>\n<p>&#8230;also zu hochdeutsch &#8222;Damals \/ Einst war alles besser&#8220; .<br \/>\nDas stimmt so einfach sicher nicht. Trotzdem denkt man an einiges von fr\u00fcher gerne zur\u00fcck. Auf dieser Seite gibt&#8217;s jetzt zwar noch nichts. In n\u00e4chster Zeit sollen hier aber ein paar &#8222;Retro-Photo-Strecken&#8220; aus den guten alten Zeiten reinkommen. Zu einer Zeit, als Urlaub mit dem Rad noch Abenteuer war&#8230;<\/p>\n","protected":false},"excerpt":{"rendered":"<p>Friaras war oiss besser&#8230; &#8230;also zu hochdeutsch &#8222;Damals \/ Einst war alles besser&#8220; . Das stimmt so einfach sicher nicht. Trotzdem denkt man an einiges von fr\u00fcher gerne zur\u00fcck. Auf dieser Seite gibt&#8217;s jetzt zwar noch nichts. In n\u00e4chster Zeit sollen hier aber ein paar &#8222;Retro-Photo-Strecken&#8220; aus den guten alten Zeiten reinkommen. Zu einer Zeit, als Urlaub mit dem Rad noch Abenteuer war&#8230;<\/p>\n","protected":false},"author":1,"featured_media":0,"parent":0,"menu_order":0,"comment_status":"closed","ping_status":"closed","template":"","meta":{"ngg_post_thumbnail":0,"footnotes":""},"class_list":["post-1820","page","type-page","status-publish","hentry"],"jetpack_sharing_enabled":true,"jetpack_shortlink":"https:\/\/wp.me\/Pak1G4-tm","_links":{"self":[{"href":"https:\/\/www.radl-kini.de\/wordpress\/index.php?rest_route=\/wp\/v2\/pages\/1820","targetHints":{"allow":["GET"]}}],"collection":[{"href":"https:\/\/www.radl-kini.de\/wordpress\/index.php?rest_route=\/wp\/v2\/pages"}],"about":[{"href":"https:\/\/www.radl-kini.de\/wordpress\/index.php?rest_route=\/wp\/v2\/types\/page"}],"author":[{"embeddable":true,"href":"https:\/\/www.radl-kini.de\/wordpress\/index.php?rest_route=\/wp\/v2\/users\/1"}],"replies":[{"embeddable":true,"href":"https:\/\/www.radl-kini.de\/wordpress\/index.php?rest_route=%2Fwp%2Fv2%2Fcomments&post=1820"}],"version-history":[{"count":8,"href":"https:\/\/www.radl-kini.de\/wordpress\/index.php?rest_route=\/wp\/v2\/pages\/1820\/revisions"}],"predecessor-version":[{"id":2454,"href":"https:\/\/www.radl-kini.de\/wordpress\/index.php?rest_route=\/wp\/v2\/pages\/1820\/revisions\/2454"}],"wp:attachment":[{"href":"https:\/\/www.radl-kini.de\/wordpress\/index.php?rest_route=%2Fwp%2Fv2%2Fmedia&parent=1820"}],"curies":[{"name":"wp","href":"https:\/\/api.w.org\/{rel}","templated":true}]}}